- 172. What are the prime factors of b(p)?
2, 3, 43
Suppose 0 = -8*y + 5*y - 12. Let g be (66/y)/(6/(-12)). Suppose -g*m + 308 = -29*m. What are the prime factors of m?
7, 11
Suppose 5 = p - 10. Suppose 13*o - p*o + 592 = 0. Suppose 4*s = n + 469, 5*n = -3*s + 73 + o. What are the prime factors of s?
2, 59
Suppose 0 = -10*q + 34*q - 112224. Suppose -22*k + q = -8*k. List the prime factors of k.
2, 167
Let q(i) = 832*i + 13701. What are the prime factors of q(10)?
19, 61
Let v(g) = 12*g**3 - 2*g**2 - 1. Let o be v(2). Let t = 73 + o. Suppose -t = -7*z + 57. What are the prime factors of z?
31
Suppose -3*a + 2*j + 11 = 0, -3*j + 26 = 2*a + 2*a. Suppose -5 = -a*i, -6*k - 567 = -11*k - 2*i. What are the prime factors of k?
113
Let t = 419 - 178. Suppose 2*y - t = 299. What are the prime factors of y?
2, 3, 5
List the prime factors of (-5 + (-5 - -9))/((-6566)/2188 + 3).
2, 547
Suppose -22*x = -15*x - 112. Suppose 4*m = x*m - 4032. List the prime factors of m.
2, 3, 7
Let p = -4088 + 3969. Let k = 559 + -265. Let w = k + p. List the prime factors of w.
5, 7
Let p(x) = -x**3 + 33*x**2 + 106*x + 41. What are the prime factors of p(31)?
29, 181
Let b = 150 - 42. Let n be 178/(-4 + (-10)/(-2)). Let w = n - b. What are the prime factors of w?
2, 5, 7
Suppose -83*d - 10 = -88*d. Suppose -5*f + d*z = -1801, -4*z + 311 - 1386 = -3*f. What are the prime factors of f?
19
Suppose 46 - 24 = 2*k. Suppose -4*u = k*u - 75. Suppose 0 = u*t + 2*t - 1001. List the prime factors of t.
11, 13
Let t be (((-105)/14)/15)/(2/60). Let g(z) = 2*z**3 + 31*z**2 - 11*z + 7. What are the prime factors of g(t)?
397
Suppose 15 = -3*f + r - 5*r, 0 = 4*f + r + 7. Let v be f*(-3 + 3)/(-4). Suppose -5*m - 5*z + 30 = 0, 2*m - z - 2*z - 32 = v. List the prime factors of m.
2, 5
List the prime factors of (8/(-10))/((-108)/540) - (-39855 + 1).
2, 3, 7, 13, 73
Suppose a + d - 1074 = -4*a, 2*d - 213 = -a. Suppose 0 = -a*t + 224*t - 2043. What are the prime factors of t?
227
Suppose -15*j = 26*j - 95489. List the prime factors of j.
17, 137
Suppose 2*g + 4 = 3*g, -z = 5*g - 48. Suppose -9949 - 4975 = -z*p. What are the prime factors of p?
13, 41
Suppose 574*y + 103015 = 579*y. List the prime factors of y.
11, 1873
Suppose 0 = 11*v - 92375 + 7994. What are the prime factors of v?
3, 2557
Let s(j) = 1 + 2*j - 3*j + j**2 + 4*j**2. Let c be s(-5). Let u = c - -140. List the prime factors of u.
271
Let g(r) = -54*r - 3841. List the prime factors of g(-89).
5, 193
List the prime factors of (465/60)/(9/5976).
2, 31, 83
Let j(b) = 3*b**2 + 2 - 7*b - 2*b**2 + 0. Suppose 2*y - 74*r = -77*r - 20, 0 = -5*y + 4*r - 50. What are the prime factors of j(y)?
2, 43
Suppose 0 = 184*j - 360*j + 435248. What are the prime factors of j?
2473
Let p be ((-6)/7)/(3/(-14)). List the prime factors of (-117)/(-7) - p/(-14).
17
Let k(f) be the second derivative of -f**5/20 + 7*f**4/12 + f**3/6 - 5*f**2/2 + 111*f. Let r(q) = 2*q**2 - 3. Let h be r(2). List the prime factors of k(h).
2, 5
Suppose 5*z - 206 = -2*n, 2*z - 74 = -0*n - 5*n. Let v = z - 42. What are the prime factors of (4 + v)/(1/217*7)?
2, 31
Let d(c) = 113*c**2 - 3*c. Let x be ((-6)/(-10))/((-340)/50 + 7). What are the prime factors of d(x)?
2, 3, 7
Suppose -4*p - 31 = -4*j - 3, 4*j + 4*p - 12 = 0. Suppose -2*x = j*w - 59, -w - 3*x - 5 = -2*w. Suppose 0 = -7*t + w*t - 396. List the prime factors of t.
3, 11
Let q = -256 + 260. Suppose -3*u = -9*f + q*f - 2162, -4*u = -5*f - 2881. What are the prime factors of u?
719
Let r(f) = -f**3 - 2*f**2 - 3 + 2*f + 4*f - f + 0*f. Let b be r(-4). Suppose b*y + 257 = 1058. What are the prime factors of y?
89
Let q be 1 + 1 - 1014/13. Let s be (q/(-57))/(8/18). Suppose s*d - 237 = 45. What are the prime factors of d?
2, 47
Let g(s) = -17*s + 1. Let d be g(-11). Let v = d - 263. Let z = -13 - v. What are the prime factors of z?
2, 31
Let u(b) = 2*b**2 + 12*b + 12. Let f be u(-5). Suppose -f*i + 78 = 2*q, -q - 64 = -3*i + 57. List the prime factors of i.
2, 5
Let o(z) = 7*z**2 + 13*z - 9. Let s(w) = 2*w + 29. Let m be s(-9). What are the prime factors of o(m)?
3, 109
Suppose 20 = 5*t, -23*k = -22*k + 3*t - 5136. What are the prime factors of k?
2, 3, 7, 61
Suppose -181775 = 98*g - 373*g. List the prime factors of g.
661
Suppose 0 = -18*r - 146010 + 621606. List the prime factors of r.
2, 11, 1201
Suppose -128*o + 59400 = -113*o. What are the prime factors of o?
2, 3, 5, 11
Suppose -c = -4975 - 16623. List the prime factors of c.
2, 10799
Suppose -296*d = -332897 - 2332879. What are the prime factors of d?
2, 3, 19, 79
Let s = 22063 + -11401. What are the prime factors of s?
2, 3, 1777
Suppose 3*s - 2*r = -0*r + 384, -r + 393 = 3*s. Suppose -5*k - 4 + 20 = 2*i, k - i = 6. Let a = k + s. What are the prime factors of a?
2, 67
Let k = -164 + 167. Suppose -7*a = k*a - 14150. What are the prime factors of a?
5, 283
Let a be 1 + 0 - (8 - 11). Suppose q - 100 + a = -4*h, q - 94 = -3*h. List the prime factors of q.
2, 11
Let j = -785 + 1175. What are the prime factors of (-4 - j/(-95)) + (-4330)/(-19)?
2, 3, 19
Let m = 163 + -122. Let y = -19 + m. What are the prime factors of y?
2, 11
Let a(v) = 205*v**3 + 36*v - 35. Let h be a(1). Suppose 0 = 3*j + 353 - 1457. Let b = j - h. List the prime factors of b.
2, 3
Let u be (7 - (2 + 5)) + 7592. Suppose 5*f = -8*f + u. List the prime factors of f.
2, 73
Let r(z) be the second derivative of z**5/20 + 4*z**4/3 - z**3 - 77*z**2/2 - 76*z - 1. List the prime factors of r(-14).
3, 7, 19
Suppose -2*o + f = -108199, 5*o = -4*f + 121224 + 149332. List the prime factors of o.
2, 6763
List the prime factors of ((-14)/(-6) + 10/15)*(-14 - -1105).
3, 1091
Let c(g) = -11*g**2 + 11*g - 8. Let n be c(4). List the prime factors of n/60*21*-1.
7
Let q(l) = 44*l - 11. Let p = -48 - -42. Let t(f) = 43*f - 11. Let i(c) = p*t(c) + 5*q(c). What are the prime factors of i(-2)?
3, 29
List the prime factors of 10/(-12) + (610425275/150)/67.
2, 3, 53, 191
Let h(u) = u**2 + 6*u. Let m be (-4)/(-14) - 660/105. Let d be h(m). Let x(q) = q**3 + q**2 + 25. What are the prime factors of x(d)?
5
Let o be (-31 - -21)*(-1214)/4. Let c = o + -1821. What are the prime factors of c?
2, 607
What are the prime factors of -4173*(5 - (0 + 6))?
3, 13, 107
Let i(a) = 2*a**2 + a - 1. Let k be i(-2). List the prime factors of (-6 - k)/((-5)/75).
3, 5, 11
Let v be 14/(-28) + (-105)/(-2). Suppose 0 = -4*d + 5*g + v, -2*d - 2 = 3*g - 6. Let z(s) = 2*s**2 + 3*s + 14. List the prime factors of z(d).
2, 83
Let t(m) be the second derivative of m**4/4 + m**3/6 - 3*m**2/2 - 7*m. Let h be t(2). What are the prime factors of 48 + 0 + (h - 11)?
2, 3
What are the prime factors of 1/(-5)*((-119551 - 6/6) + -3)?
23911
Suppose -5*g - w - 3*w + 36 = 0, -4*g = -5*w + 4. Suppose 7*r - 1848 = -3*x + 3*r, 0 = g*x + 5*r - 2464. List the prime factors of x.
2, 7, 11
Let b = -721 - -723. Let a(z) = 694*z + 1. Let l be a(2). What are the prime factors of l/6 - (-1)/b?
2, 29
Let d = 327 + 6585. List the prime factors of d.
2, 3
Let a(k) = -k**2 - 39*k - 33. Let p be a(-38). Suppose 3*u = 0, 0 = 14*b - 15*b + p*u + 235. List the prime factors of b.
5, 47
Let d(u) = 7*u - 6 - 5 - 3*u**2 - 4 - u**3. Suppose 3*g - 24 = 0, -5*g = s - 10*g + 46. What are the prime factors of d(s)?
3, 17
Let y(b) = -3*b + 72. Let o be y(25). What are the prime factors of (-796)/((-11)/22 - o/(-2))?
2, 199
Suppose -4*h - 13 = -3*z, -z = 5*h + 3 - 1. What are the prime factors of (-3)/(-2)*2*614/z?
2, 307
Let p be (-1 - -7)*(10076/8)/11. Suppose -p = -9*d + 1680. List the prime factors of d.
263
What are the prime factors of 7/(24374/6090 + 4/(-1))?
3, 5, 7, 29
Let t(r) = r**3 - 2*r. Let j be t(4). Suppose m + j = 5*z + 272, -606 = -3*m + z. List the prime factors of m.
3, 67
Suppose 4953289 = 329*v - 5468115. List the prime factors of v.
2, 7919
Suppose -3 = 3*f, 0 = 2*m + f - 241 - 146. Let n = m - 108. List the prime factors of n.
2, 43
List the prime factors of (-44 - -34)*((-303)/10 + 2).
283
Let w(t) = 32*t**3 - 13*t**2 - 164*t + 1496. List the prime factors of w(10).
2, 7639
Let v = 54 - 51. Suppose -v*f - 2*m = -502 - 759, 2*f - 5*m = 866. What are the prime factors of f?
3, 47
Let u be 926/(-11) + 2 + 28/154. Let n(o) = -12*o**2 - o + 5. Let v be n(-3). Let i = u - v. 